ppose c*q = -q - 16. Determine g(q).
-6
Let l(m) = 4 - m**2 - 7 + m + 0 + 5. Let v be ((-20)/15)/((-2)/6). Calculate l(v).
-10
Let q(o) = 0 + o - 1 - 1 - 9. Let m be q(9). Let f(n) = -4*n**2 + n + 2. Give f(m).
-16
Let a be (-1)/2*(9 + -27). Suppose 0*l + 5*r = 2*l + a, -4*l - 5*r + 27 = 0. Let y(v) = 8 - l - 7 + 2*v. Determine y(2).
2
Suppose 24*g - 32*g - 144 = 0. Let d(c) = -3*c - 57. Give d(g).
-3
Let j(x) be the first derivative of -2*x - 7/2*x**2 - 8. Let o = 8 + -11. Determine j(o).
19
Let o(s) = s**2 - 8*s. Let g be o(8). Suppose -4*i + 3*y - 16 = g, -3 = -i - 3*y + 2*y. Let b(d) = d - d**2 + 0*d - 2*d - 3*d**3. What is b(i)?
3
Let a(p) = -p**3 - 17*p**2 + 26*p + 36. Let d(j) = 3*j**3 + 51*j**2 - 77*j - 109. Let u(z) = 17*a(z) + 6*d(z). Give u(-18).
-6
Let d(p) = -5 - 73*p**3 - 7*p - 73*p**3 - 6*p**2 + 147*p**3. Calculate d(7).
-5
Let x(s) = -11*s**3 - 2*s**3 - s**2 - 154*s + 153*s - 1. Determine x(-1).
12
Let y(i) = -35*i - 15 - 27*i + 98*i + 4 - 34*i. What is y(6)?
1
Let o = -16013/12 - -1335. Let q(p) be the second derivative of o*p**4 + 1/20*p**5 + 0 + 0*p**3 - 1/2*p**2 - 7*p. Calculate q(-7).
-1
Let r(q) = -q**3 - 8*q**2 - 11*q - 2. Let j be (-1 + (-15)/(-10))/((-3)/36). Calculate r(j).
-8
Let g be 1/(30/(-4)) + (-1268)/(-60). Let i = -21 + g. Let y(c) = -c**2 + 2. Calculate y(i).
2
Let v(g) = -2*g**2 - 29*g - 75. Let r be v(-10). Let f(n) = -n**3 + 15*n**2. Give f(r).
0
Suppose b + 3*u - 16 = -0*b, 2*b = -3*u + 29. Suppose 7 = 4*j - b. Let r(k) = -k - 7. What is r(j)?
-12
Let t(r) = r**3 - 2*r**2 - 3*r - 5. Let y(k) = -4*k**3 + 6*k**2 + 8*k + 13. Let b(f) = -8*t(f) - 3*y(f). Calculate b(1).
3
Let x(a) = -9*a**2 + 2*a. Let s(r) = -r**3 + 20*r**2 + 2. Let w be s(20). Determine x(w).
-32
Suppose -2*x - 3 = 5, 2*a = 3*x - 2. Let d(c) = -2*c + 9. Give d(a).
23
Suppose 153*s - 11 = 152*s. Let u(y) = 2*y - 15. What is u(s)?
7
Suppose -31*b + 24 = -25*b. Let z(f) = -2*f**2 + 7*f + 7*f**2 - b*f**2 - 2. Determine z(-6).
-8
Let o = 48 - 51. Let t(i) = 2*i + 14. Let h(u) = -3*u - 27. Let a(n) = o*h(n) - 5*t(n). Give a(10).
1
Let p(b) be the second derivative of -b**2 + 0 - 1/6*b**3 - 16*b. Determine p(4).
-6
Let p(g) = -g**3 - 10*g**2 - g + 20. Let t be p(-10). Let c be ((-48)/t)/((-2)/10). Let u(l) = l**3 - 7*l**2 - 8*l - 6. What is u(c)?
-6
Suppose 14 = 2*t - 0*t. Suppose -4 = 4*c, -x = -2*c + 4 - 8. Let k(d) = 2*d**3 + d**3 + x + 7*d**2 - 4*d**3. Calculate k(t).
2
Let g = 10 + -6. Let y(u) = -u**3 + 5*u**2 - 2*u - 5. Let m be y(g). Let q(r) = -1 + 9*r + 0*r + r**2 - 3*r + 4*r - 11*r. Give q(m).
5
Let i(g) = 0*g + g**2 + 6 + 5*g - 2. Let v be -154*(-4)/(-18) - (-10)/45. Let p be 560/(-136) + (-4)/v. Determine i(p).
0
Let l = 2 - 0. Let v(u) be the second derivative of -u**5/10 + u**4/4 - u**2/2 + u - 8. Determine v(l).
-5
Let c(j) = -8*j + 3. Let z(o) = 19*o - 2. Let t(y) = 5*c(y) + 2*z(y). Calculate t(8).
-5
Let q be (-1 - 8/((-8)/2))*-1. Let t be q/(-3) + 1/6*-2. Let s(n) = n + 4. Calculate s(t).
4
Let a(p) = 9 - p + 3 - 14. Determine a(3).
-5
Let g(k) = 184*k**2 + 2*k + 186*k**2 + 1 - 360*k**2. What is g(-1)?
9
Let n(t) = 19 - 8*t - 12*t - 95 + 35 + 2 - t**2. Give n(-18).
-3
Let i = 13 - 11. Suppose i*n - 4 = 3*n. Let c(a) = a**2 + 2*a - 2. Calculate c(n).
6
Suppose 5*b + 4*t - 180 = -0*b, -4*t = b - 36. Let q = 27 - b. Let w(d) = d + 7. Calculate w(q).
-2
Let v(a) = -2*a**2 + a - 1. Let y(h) be the third derivative of h**5/60 - h**4/24 + h**3/3 - 3*h**2. Let b(j) = -2*v(j) - 3*y(j). Let s = -14 + 11. Give b(s).
2
Let n(l) be the second derivative of -2 - l**2 - 9*l - 1/2*l**3 - 1/4*l**4. Determine n(-2).
-8
Let a(t) = -t**2 - 6*t - 1. Let f be (-178)/(-12) - (5 - (-186)/(-36)). Suppose -l + 10 = f. What is a(l)?
4
Let t be 1/(-2) + (-3)/(-2). Let g(z) = 85*z - 83*z + z**2 + 1 - 2*z**2 - 4*z**2 - 3*z. What is g(t)?
-5
Let f = -70 - -111. Let y = -44 + f. Let g(z) = 2*z**2 + 3*z - 4. What is g(y)?
5
Let k(g) be the second derivative of -1/24*g**4 + 0 + 1/3*g**3 + 2*g**2 + g. Let r(l) be the first derivative of k(l). Calculate r(3).
-1
Suppose 0 = -z + 4*z - 9. Let w(u) = u + 0*u**2 - 11*u**2 + z*u**2. What is w(-1)?
-9
Let r(c) = 15*c - 3 - 22*c + 8*c - 7. Give r(9).
-1
Suppose 6*r = 3*r + 21. Let v(c) = 2*c**3 - 3 + 8*c**2 + r*c + 2 - 3 - c**3. Calculate v(-7).
-4
Suppose -2*u + 3*i + 11 = -u, -5*u = 2*i + 13. Let z(g) = 4*g - 3. Give z(u).
-7
Let b(a) be the second derivative of -16*a + 5/12*a**4 - 3/2*a**2 - 1/2*a**3 + 0 + 1/20*a**5. Determine b(-5).
12
Let u = 24 - 21. Suppose 2*r = 2*z - 10, 15 = -9*r + 4*r + u*z. Let t be (-5)/(-10)*(-4 + r). Let c(q) = -2*q**2 - 4*q - 3. What is c(t)?
-3
Let y(n) be the third derivative of n**5/60 + n**4/24 - 5*n**3/6 - 4*n**2. Let k be (-13)/(-2) + (-1)/2. Let j be 0/(2 - k - -1). Give y(j).
-5
Let f(w) = w**3 - w**2 - 5*w + 2. Let c be 4/(1/1 + 1) - -14. Suppose 4 = -4*v + c. Give f(v).
5
Let r be (-4)/(12/9) + 2. Let f(l) = -l + 1. Let d(m) = -5*m + 2. Let j(u) = r*d(u) + 4*f(u). Let z = -57 - -59. Calculate j(z).
4
Let i = 360 - 360. Let o(g) = -g**2 + g - 3. Determine o(i).
-3
Let g(n) = n**3 + 14*n**2 - 5*n - 63. Let x be g(-14). Let p(l) = -l + 4. Give p(x).
-3
Let c(u) = -1 - 2*u**2 + 4*u + 0*u + 9*u**3 + 14*u**3 - 29*u**3 + 5*u**3. What is c(-3)?
-4
Let k(b) be the third derivative of -b**6/120 - b**5/10 - b**4/3 - b**3 - 146*b**2 - 1. Determine k(-5).
9
Suppose 4*l = -5*r + 8, -4*l - 9 = -l. Let w(m) be the third derivative of -m**4/8 - m**3/6 - m**2 + 3*m. Determine w(r).
-13
Let m(i) = -i + 6. Suppose 7*d + 20 = 2*d. Let a = 7 - d. Suppose 9*c + 12 = a*c. Give m(c).
0
Let u(d) be the third derivative of -1/3*d**3 - 1/120*d**6 + 1/8*d**4 + 16*d**2 + 0 - 1/30*d**5 + 0*d. Let n be (-66)/18 + 2/3. Calculate u(n).
-2
Let j(b) = 3 + 2*b + b - 2*b. Let m be (-9)/(-2 + 5 + -4). Suppose 15*x = 12*x - m. Calculate j(x).
0
Let o(m) = -2*m - 9. Let s be ((-18)/(-30))/((-4)/40). Determine o(s).
3
Let f(s) = -s**2 - 3*s**3 + 4*s**3 - 6 + s + 5. Suppose -4*k - 12 = -0*z + z, 15 = z - 5*k. Calculate f(z).
-1
Let w(l) be the first derivative of l**3/3 + 3*l**2/2 - 4*l + 1. Let z be w(-3). Let h(k) = 2*k + 3. Give h(z).
-5
Let i = -11 - -6. Let p(a) = -a**2 - 7*a. Let x be p(i). Suppose -2*l - 4*j = -14, -2*j = 3*j - x. Let n(m) = 3*m - 3. Give n(l).
6
Suppose -5*o + 10*o = 50. Suppose -h + 6*h = o. Let p(v) = 2 + h*v - 5 + v. What is p(3)?
6
Let c(s) = -3*s**2 - 2. Suppose 4*g + 27 = -5*f, 2*g + 4*f + 6 = -12. What is c(g)?
-29
Let r(s) be the second derivative of 0*s**3 - 1/360*s**6 + 0*s**2 + s - 1/3*s**4 + 0 - 7/120*s**5. Let o(q) be the third derivative of r(q). What is o(-6)?
5
Let g(q) = -q**3 + 5*q**2 - 3*q - 2. Let c = -19 - -24. Suppose 4*n - 4*f = f + 7, -5 = -c*f. Determine g(n).
7
Let p be 3 + (0 - 9) - 5. Let f(l) = -3*l - 1. Give f(p).
32
Let w(r) = 7*r + 58. Let g be w(-7). Let q(l) = l**3 - 8*l**2 - 9*l - 4. Determine q(g).
-4
Let w(n) be the second derivative of n**3/3 - n**2/2 + 59*n. Give w(0).
-1
Let k(x) = -x**2 - 5*x + 2. Let y be (4 + 64/(-10))/(9/(-30)). Let g(b) = -b**3 + 9*b**2 - 10*b + 11. Let n be g(y). What is k(n)?
2
Let h(n) = -2*n**3 - 38*n**2 + 6. Let p be h(-19). Let s(d) = -3*d + 7 + 4*d + d. Give s(p).
19
Let h(b) be the second derivative of b**4/12 - 3*b**3/2 - 9*b**2/2 - 119*b. What is h(10)?
1
Let x(b) be the third derivative of 0*b + 7*b**2 + 1/2*b**3 + 0 - 1/6*b**4. Give x(2).
-5
Let i(q) = -3*q**2 - 11*q - 17. Let t(b) = b**2 + 4*b + 6. Let j(v) = 4*i(v) + 11*t(v). Determine j(4).
-18
Let l = -44 - -40. Let o(k) = 3*k**2 - 38*k + 26. Let t(g) = -g**2 + 13*g - 9. Let y(n) = l*o(n) - 11*t(n). What is y(8)?
3
Let n be 24/(-156) - 74/26. Let r(p) = -2*p. Give r(n).
6
Let l = 383 + -389. Let g(r) = r + 5. Give g(l).
-1
Let o(d) be the first derivative of -d**3/3 - 9*d**2/2 - 14*d + 41. What is o(-11)?
-36
Let n(i) = -10 - 5 - 2*i**2 + 2*i + 33 - 12 + 4*i**3 - 7. What is n(2)?
27
Let p be 6*3*6/27. Let x be p/10 - 128/20. Let k(c) be the second derivative of c**5/20 + c**4/2 + c**3/6 + c**2 + 9*c. What is k(x)?
-4
Let v(z) = -5*z + 2*z**3 + 441 + 2*z**3 - 5*z**3 - 442 + 6*z**2. Let o = -7 - -11. What is v(o)?
11
Let l(o) = 29 - 11*o - o**2 - 15 + 2*o**2 - 10. Calculate l(8).
-20
Let h(p) = p**3 - 5*p**2 - 8*p + 4. Let o(a) = a**3 - 2*a**2 - 38*a + 110. Let n be 